pose 5*r - 5308 = -4*l, 3*r = -4*l - 0*l + 5316. What is the hundreds digit of l?
3
Suppose -17*d - 4 = -55. Suppose 2*o = 3*b - 264, 4*b - 8*o = -d*o + 352. What is the tens digit of b?
8
Suppose 4*i + 87 = 3*t - 14, -5*t + 175 = -5*i. Suppose 0 = 2*n + t - 255. What is the units digit of n?
8
Let j = 9 + -8. Suppose -4*g + 9 = j. What is the units digit of g/7 - (-216)/28?
8
Suppose 15*x + 40 = 19*x. Let h = 3 + -3. What is the units digit of (x + h - 0) + 3?
3
Let v(j) = -j**2 + 7*j - 2. Let n(r) = r. Let a be n(3). Let u be v(a). Suppose -5*w - 267 = -u*w - 3*h, 4*w = -h + 215. What is the tens digit of w?
5
Let h be (-1)/(-2) - (-23226)/28. Let u = h + -584. What is the tens digit of u?
4
Let j(n) be the third derivative of -n**4/8 + 17*n**3/3 + 22*n**2. What is the tens digit of j(-18)?
8
Suppose -128 = 3*x - 7*x. Suppose -3*q + x = -448. What is the units digit of q?
0
Let t(h) = h**2 - 11*h + 6. Let m be t(5). What is the tens digit of (-2)/8 + (-1518)/m?
6
Suppose 0 = -x - 5*m - 13, 3*x - 6*m + 2*m = 18. Let s be x + 6/(1 - 3). Let v(n) = -34*n**3 - 3*n - 2. What is the units digit of v(s)?
5
What is the tens digit of 1072 - (-8*2/(-8) - -4)?
6
Let c = 73 + -104. Let v = 105 + c. What is the tens digit of v?
7
Let o = -4 + -21. Let d = 36 + o. What is the units digit of d?
1
Let p(f) = 12 + 13 - 7 + 0 + 35*f. What is the hundreds digit of p(4)?
1
Let f = -122 + 188. Suppose 5*r - f = 134. What is the units digit of r?
0
Let c = -82 + 245. What is the tens digit of c?
6
Suppose -5*q + 1206 = 426. What is the units digit of q?
6
Suppose -5*k - 5*s + 117 = -203, 2*s = -2. Let f = 110 - k. What is the tens digit of f?
4
Let r = -6 + -18. What is the units digit of ((-102)/(-24))/((-2)/r)?
1
Let w(h) be the second derivative of -h**5/20 - h**4/6 + h**3/2 + 3*h**2 - 3*h. Let n be w(-3). What is the tens digit of 305/15 - n/(-9)?
2
Let s be -2 + 2 - (7 + 146). Let n = s - -246. What is the tens digit of n?
9
Let h = -98 + 98. What is the units digit of -3 + 630/3 + (h - -1)?
8
Let u be (-1)/4 + 521/4. Let c be (-9)/63 - (-15)/7. Suppose 4*t - u + 17 = -3*x, x - c*t = 21. What is the tens digit of x?
3
Let v be (-1)/(1 + (-12)/8). Suppose 3*i = 4*g + i - 30, 4*g - 10 = -v*i. Let c(y) = -y**3 + 7*y**2 - 5*y - 4. What is the tens digit of c(g)?
2
What is the units digit of 1 - 5 - -3347 - (1 - 0)?
2
Suppose 417 = 6*z - 843. Suppose -10*m + z = -5*m. Suppose -3*i = 4*r - 48, 3*i = r - 3*r + m. What is the units digit of i?
2
Let n = 14 + -8. Let w(r) = -3*r**2 + 34*r + 29. Let h be w(12). Suppose -h*y + m = -166, -70 = -2*y - 2*m + n*m. What is the tens digit of y?
3
Suppose 5*q = -4*q + 747. Let m = -16 + q. What is the tens digit of m?
6
Let g(q) = 415*q**2 - 79*q - 241. What is the tens digit of g(-3)?
3
Let j be -1*(1 - 1 - -2). Let t be (1 + -2)*62/j. Suppose -3*s + 57 = -2*q, -2*s + t = -5*q - 18. What is the tens digit of s?
1
Let a(p) = -5*p - 2. Let k(l) = 9*l + 5. Let f(i) = 7*a(i) + 4*k(i). Let w be f(-11). What is the units digit of w/(-2)*(0 + 2)?
5
Let j(f) = 2*f + 28. Let x be j(-10). Let t(m) be the first derivative of m**3/3 - 7*m**2/2 + 7*m - 2. What is the units digit of t(x)?
5
Let v(d) = 2*d**2 + 9*d + 3. Let t be v(-6). Let q = 90 - t. Suppose -2*r - 3*r + q = 4*h, -h - 5*r + 21 = 0. What is the units digit of h?
6
Let m = 5 + -26. Let p = 27 + m. What is the units digit of p/(-5)*45/(-2)?
7
Suppose 0 = -i - b + 8, -5*i + 4*b = -2 + 7. Let l = i + 1. Let f = 16 + l. What is the units digit of f?
0
What is the units digit of (-6)/(144/(-45788)) + 2/12?
8
Suppose 3*q + 587 = 2090. What is the tens digit of q?
0
Let u(q) = q**2 - 4*q - 16. Let d be u(-4). What is the tens digit of d/(-12) + 957/9?
0
Let h(p) = p**2 + 10 - 2 + 3 - 5*p - 4*p. Let j be h(8). Suppose -j*q - 35 = -182. What is the tens digit of q?
4
Let q = 0 + 5. Suppose q*k = i + i + 258, -i = 4. What is the tens digit of k?
5
What is the units digit of 27158/10 - (-18)/15?
7
Let c(f) = -f**2 + 13*f - 12. Let w be c(9). Suppose -4*o + 24 = 4*r, 2*r = -5*o - 0*o + w. Suppose -r*i = 2*i - 92. What is the tens digit of i?
2
Let s = 1713 - 1125. What is the tens digit of s?
8
Let k = -65 + 112. Suppose k = -5*x - 43. What is the units digit of x/24 + 825/12?
8
Let c(x) = x**2 - x + 19. Let r be c(6). Suppose -r*v + 46*v + 420 = 0. What is the units digit of v?
0
Let s(w) be the second derivative of -w**3/3 + 8*w**2 - 4*w. What is the tens digit of s(-13)?
4
Suppose 0*z - 15 = -z. Let x = 17 - z. Suppose 2*r + x*r = 40. What is the units digit of r?
0
Suppose v - 4 = w + 4*v, 0 = w - 5*v - 28. What is the tens digit of 20 - 3/((-6)/w)?
2
Suppose -2*i = -n - 8, 5*n + 0 = 5*i - 25. Let x(b) = 3*b**2 + 5 - 4 - 4*b + 0. What is the tens digit of x(i)?
1
What is the tens digit of 7 + -2 - 5 - -239?
3
Suppose 1280 = 3*j - 745. What is the units digit of j?
5
Let o be (8/20)/(0 - (-1)/5). Suppose 0 = -a - 2*a, o*l - 306 = a. What is the tens digit of l?
5
Let l(c) = 46*c**2 + 4*c + 19. What is the units digit of l(-3)?
1
Let s(q) be the first derivative of -q**2/2 - q + 5. Let h be s(-3). What is the units digit of 30*((-1 - h) + 4)?
0
Let u be (2/(-3))/(10/75). Let p(z) = -z**3 - 6*z**2 + 7. Let a be p(u). What is the tens digit of (-752)/a + 22/99?
4
Let z(m) = -m**2 + 53*m - 130. What is the hundreds digit of z(48)?
1
Let u(w) = -164*w**3 + 4*w**2 - 17*w - 32. What is the thousands digit of u(-2)?
1
Let y(v) = -2*v**3 + 2*v - 2. Let i be y(3). Let g = -25 - i. Suppose -3*j + 64 = 2*o - g, 4*j - 118 = -2*o. What is the units digit of j?
9
Suppose -241 = -14*p + 1103. What is the tens digit of p?
9
Let t = -588 + 1016. What is the units digit of t?
8
Suppose 2*c = -c + 12666. What is the hundreds digit of c?
2
Suppose s - 8*v + 12*v - 804 = 0, -2*v = 4*s - 3202. What is the units digit of s?
0
Let p = 12 + 6. Suppose 14*y = p*y - 560. What is the hundreds digit of y?
1
Suppose a - 4*o - o + 5 = 0, a + 3 = 4*o. Let g = a - 0. Let r = 12 - g. What is the units digit of r?
7
Let h(a) = 6*a - 31. Let s be h(6). Suppose 3*b = -s*o + b + 1149, -2*o + 2*b + 454 = 0. What is the tens digit of o?
2
Let a = 4305 - 2352. What is the thousands digit of a?
1
Let y be (-1)/(-4) - 211/(-4). Suppose -y + 165 = 2*z. What is the tens digit of z?
5
Let n = 31 - 10. Let o = -38 + n. Let d = -3 - o. What is the tens digit of d?
1
Let y(b) = 6*b**2 + 21*b + 146. What is the hundreds digit of y(-17)?
5
What is the hundreds digit of (-13)/(104/(-1408))*2?
3
Let b(f) = -f + 1. Let d be b(-2). Suppose 3*t + d*t = 168. What is the tens digit of t?
2
Let g be (8/6)/((-1)/(-6)) + 0. What is the tens digit of (-6 + g)*(-38)/(-4)?
1
Let w be 6 + (-1 - 0*4/16). Suppose -w*u + 761 = -319. What is the units digit of u?
6
Suppose 2*l - 78 = 2*z, -82 = -2*l + 5*z - z. Let a = l + -20. Let g = a - -2. What is the units digit of g?
9
Let z = 4310 + -2998. What is the thousands digit of z?
1
Let h be (6 + -6)/(2 + -1). Suppose 2 = c, 5*s + 4*c + c - 35 = h. Suppose p + p - 2*m + 2 = 0, 25 = s*p + m. What is the units digit of p?
4
Suppose 0 = -5*x + 3*x - 4. Let a be (-1 - (-3)/3) + 3. What is the units digit of x + (11 - 2 - a)?
4
Let d be 8 - (-2)/((-8)/4). Let r(g) = -6 + 3*g**2 + 10 - 4*g**2 - 9 - d*g. What is the units digit of r(-4)?
7
Let l = 16 + -16. Suppose l = 5*j - 4*j - 37. What is the tens digit of -3 + (2 - 2) + j?
3
What is the hundreds digit of (-24345)/(-10) - -5 - (-12)/8?
4
What is the thousands digit of (-40)/(-30)*147069/52?
3
Let x = 5222 + -1790. What is the units digit of x?
2
Suppose -380 = -6*f - 1238. What is the units digit of (-22)/f + 2078/13?
0
Suppose 5*i + 237 - 42 = 0. Let b = -36 - i. What is the units digit of b?
3
Suppose -2*f - 1501 + 4663 = -2*o, o = 4*f - 6309. What is the units digit of f?
6
Let t(j) = -j**3 - 7*j**2 + 1. Let g(h) = -h**3 - 5*h**2 + 7*h - 1. Let x be (-2 - -1)*6/1. Let o be g(x). What is the units digit of t(o)?
1
Suppose 55 = k - 51. Suppose -5*t + 232 = -t - 3*w, 0 = -2*t - w + k. What is the tens digit of t?
5
Let x(d) = d**3 - d**2. Let h(l) = 5*l**3 - 7*l**2 + 3*l - 89. Let s(o) = -h(o) + 6*x(o). What is the tens digit of s(0)?
8
Suppose -3*g = 4*f - 188, 0*f + 5*g = 2*f - 68. Suppose 4*d - 36 = f. What is the units digit of d?
0
Let w(f) = -f*